3 - (1 + 3)
5
What is the value of 3 + (7 + -11 - -6)?
5
What is (-1 - 0) + (8 - 12)?
-5
Evaluate -4 + (-2 - -3) + 5 + 1.
3
Evaluate (-11 - -17 - (1 - -1)) + 1.
5
What is 0 - 6 - (-48 + 46)?
-4
Calculate 6 - (11 - 2) - 1.
-4
What is 3 + 3 + -1 + -1 + -3?
1
Calculate (-3 - (-12 + 4)) + (9 - 9).
5
0 - 4 - -3 - 1
-2
Calculate 4 + -2 - 10 - 0.
-8
(2 - -3) + -2 - 1
2
What is (2 - (-1 + (-2 - -5))) + -2?
-2
Evaluate (-7 - -11) + 2 + -2.
4
Evaluate -4 - ((10 - 8) + -4).
-2
What is 7 + 2 - (49 + -36)?
-4
What is (30 - 33) + (-2 - 1)?
-6
Evaluate (13 - 14 - (2 + 0)) + 1.
-2
Evaluate -3 + -1 - (-1 + 1 - 1).
-3
What is the value of -21 + (7 - 4) + 3 + 6?
-9
What is (5 - 15 - -18) + -8?
0
Evaluate (1 - -1) + -8 + 14 + -4.
4
Evaluate 4 - -2 - (-2 + 6).
2
What is the value of (2 - 2 - 1) + (-7 - -8)?
0
Calculate 3 - (3 + 0) - (25 + -23).
-2
Evaluate 2 + 1 + (10 - 11).
2
What is 4 - (17 + -7) - -8?
2
What is the value of (3 - 0) + (0 - 2) + 2?
3
What is the value of 5 + -12 + (7 - 7)?
-7
What is the value of 0 - (8 - 9 - 4)?
5
What is the value of 4 - ((-13 - -14) + 9)?
-6
What is the value of 0 - ((2 - 2) + 1)?
-1
Evaluate 1 + 12 - (-46 - -55).
4
What is the value of 2 + -1 - (0 - -6)?
-5
What is -6 - (-19 - -5 - -6)?
2
Calculate 0 - (0 - -7 - 2).
-5
Evaluate -5 + 4 + 3 - (-9 + 9).
2
Evaluate (-7 + 7 - -2) + -3.
-1
Evaluate 0 + (1 - 2) + (15 - 9).
5
Calculate 4 + (-6 + 0 - 3).
-5
What is the value of 7 + -3 + 1 - (6 - 1)?
0
Calculate 12 - (5 + 4 + -3).
6
Calculate (25 - 19) + (-1 - (1 - -1)).
3
Calculate -15 - (-5 - (-9 + 11)).
-8
-1 + -2 - (-6 + 7)
-4
Evaluate 3 - ((4 - -5) + -4).
-2
What is 4 + -1 - (-1 - (-6 - -1))?
-1
-2 + 3 + (-5 - -5)
1
What is the value of -11 - ((3 - 7) + -2)?
-5
Calculate -3 - -3 - (4 + 4 + -3).
-5
What is 0 - (3 - 4) - 2?
-1
(0 + 8 - (5 - 1)) + -9
-5
Calculate -7 + (-5 - 0) + 1.
-11
Evaluate 4 + -16 + 8 + -1 + -5.
-10
What is the value of (4 + 2 - 0) + -2 + 1?
5
Evaluate -3 - (0 - -6 - 0 - 1).
-8
Calculate -1 - (-2 - 0 - (-7 - -2)).
-4
Evaluate -4 - (7 + -1 - 6).
-4
Calculate 2 + (2 - 4) + 4.
4
What is -1 - (-2 - (4 + 0))?
5
Evaluate 19 + -22 - (3 + -1).
-5
Evaluate (-4 - 1) + -2 + 5.
-2
Evaluate 1 + -1 - (29 - 28).
-1
What is the value of (2 - 1 - 1) + 1?
1
What is the value of -42 + 21 - -32 - (4 + 0)?
7
What is 0 + -1 - (2 + -5 + -3)?
5
6 + -9 + -3 + 1
-5
What is the value of 2 + (13 - 10) + (-4 - -1)?
2
Evaluate (0 + 2 - 2) + -22 + 21.
-1
What is 3 + (12 + -8 + 2 - 13)?
-4
Calculate -3 + (-1 - (-5 + 7)).
-6
What is the value of 15 + -24 - (-12 - 1)?
4
Calculate 2 - (14 - (1 + 7)).
-4
What is -28 + 23 - (-1 - 7)?
3
(29 + -5 - 5) + -11
8
What is the value of 3 + (5 - -1 - 10)?
-1
What is 2 + (7 - 5) + -2?
2
What is the value of 13 - 14 - (-3 - (-1 + 1))?
2
Calculate -6 + (-7 + 16 - 8).
-5
3 + 3 + (-6 - 8)
-8
What is the value of 2 + (-8 - (-4 - -2)) + 3?
-1
5 + (-11 - -8) + (1 - 0)
3
What is 3 + (2 - 2 - 1) + 0?
2
What is (-4 - -5) + 9 + -8?
2
-13 + -2 + (0 - (4 + -10))
-9
-1 + (-3 - -4) - (5 + -9)
4
What is the value of 1 + (-8 - (0 + -4)) - -6?
3
Evaluate -6 + (2 - ((2 - 0) + -2)).
-4
What is the value of -17 + 15 + -1 + (-2 - 2)?
-7
Evaluate 16 + (-2 - 3) - 4.
7
Evaluate (-5 - 3 - 0) + (4 - 1).
-5
(-5 - 1) + 7 - 6
-5
5 + -12 + 3 + -3
-7
0 + 8 - 14 - -7 - 0
1
Calculate 3 + (-4 - (4 - 1)).
-4
Calculate 10 + (6 - (-7 + 22)).
1
Evaluate 4 - (9 + -19 + 7).
7
(-2 - 4) + (11 - 0)
5
What is -12 - (-3 + (6 - 8) - -1)?
-8
What is -1 + -4 + 3 + (0 - -4)?
2
What is 1 - (-4 - (-6 + 4))?
3
-8 - (6 - (1 - (-5 - 1)))
-7
What is the value of 6 + -2 + -2 + -6 + 0?
-4
Evaluate (-3 - -14) + (28 - 42).
-3
Evaluate (119 - 127) + (1 - -1).
-6
Evaluate 4 + 1 - (16 + -13).
2
2 + (2 - (-2 - -5)) + -3
-2
Evaluate 4 + (3 + -8 - 0).
-1
What is the value of (-2 + -2 - -1) + (-12 - -10)?
-5
Calculate -3 - ((-10 - (-3 - -4)) + 6).
2
Evaluate 1 + (-6 - -7) + -5.
-3
(-6 - (2 + 5 - 14)) + 4
5
-1 + (3 - (-1 + -2 + 4))
1
What is -2 + -1 - (8 + -13)?
2
0 + -1 + 2 + (-15 - -11)
-3
What is the value of 4 + (-5 - (-9 - -1))?
7
-22 + 18 + (3 - 6) + 1
-6
Calculate (-7 - -1) + 17 + -13.
-2
Calculate 0 + -5 + (-3 - -13).
5
What is the value of -5 + (-2 - 1) + 11 + -4?
-1
What is the value of -12 - -19 - (-1 + 3)?
5
Calculate 4 + -2 + -9 + 4 + 6.
3
What is the value of 2 - (-8 - -14 - 11)?
7
Evaluate 1 - (2 + 1 - 2).
0
Evaluate -3 - (1 + (-6 - -3)).
-1
What is -7 + 1 - (8 + 0 + -9)?
-5
What is the value of 0 - 2 - (3 + -3 + -2)?
0
5 - -4 - (10 + -6)
5
Calculate 13 + -11 + -10 + (12 - 3).
1
Evaluate (-6 + 7 - -6) + 1 + -12.
-4
What is the value of (0 - 8) + (12 - 9)?
-5
Evaluate 20 + -4 + -11 + (-2 - -1).
4
What is the value of -5 + 1 + -10 + (0 - -9)?
-5
What is 4 + -3 + 5 + -2 + -4?
0
What is the value of -7 - ((8 + -11 - -5) + -2)?
-7
What is the value of -2 + (0 - -2 - 1)?
-1
Evaluate -3 + 0 + 6 - (-1 + 1).
3
Calculate -11 - -7 - (7 + -7).
-4
Evaluate (9 - 10) + (4 - 1 - 0).
2
What is the value of (1 - (-1 - 1)) + 22 + -31?
-6
What is -6 + (1 - (-2 - (0 - 1)))?
-4
What is the value of 3 - (8 + 3 + -7)?
-1
What is the value of (-2 - -6) + -11 + 8 + -3?
-2
Evaluate 2 + (-4 - (-1 - 2) - -3).
4
Calculate 51 + -47 + (-1 - 5) + 3.
1
What is the value of 8 - (27 - 15) - (-10 - -2)?
4
What is the value of (-15 - -5 - -1) + 5?
-4
What is -48 - -38 - (-2 + -1)?
-7
32 - 39 - (1 + -9)
1
(7 + -16 - 4) + 6 + -1
-8
Calculate 13 - 16 - (-8 - -1).
4
Evaluate (-4 - -1) + 2 + 1 + 3.
3
What is the value of 2 + 3 + (-8 - 5 - -5)?
-3
Calculate -3 + 0 - (1 + -8).
4
Calculate -2 - ((6 - 9) + -2).
3
2 - (-3 + 3 - (2 + -1))
3
What is 15 + -12 + -9 + 1?
-5
Evaluate -2 + -6 + 5 - -1.
-2
What is the value of (-4 - -4) + 2 + 0?
2
What is the value of (-8 + 17 - 13) + 4?
0
Calculate -4 + (-19 - -21 - (-1 - 1)).
0
What is the value of 68 + -68 - (0 - 1)?
1
What is the value of 6 - (4 + (3 - 3) + -6)?
8
What is -3 + -5 + -1 - -10?
1
What is (2 - 8) + 1 + 10?
5
What is the value of (1 - 3) + -3 + 12 + -3?
4
6 - (-7 - -16 - 10)
7
What is 3 + (6 - 10) - 3?
-4
Evaluate -1 + (-4 - -2) + 3.
0
Evaluate -21 + 1 + 2 + 10.
-8
What is 0 + 0 + (5 - (-3 + 5))?
3
Calculate (-6 + -2 - -12) + -2.
2
-7 + -2 + (5 - -1)
-3
Calculate 6 + -10 - 7 - -10.
-1
Evaluate 0 + (3 - 4) - (-2 - -1).
0
2 + 0 - (-5 - -2 - -5)
0
What is -3 - -6 - (-4 + (3 - 0))?
4
What is -8 - -13 - (-1 + 1)?
5
What is -14 + (-12 + 22 - -1)?
-3
What is 1 - (6 + -15 - (-3 - 2))?
5
4 + (1 - 4) - -3
4
What is the value of 5 + 1 + -7 + 3?
2
Calculate 3 - -2 - (7 - (-1 + 6)).
3
What is the value of -4 + (-7 - -11) + 0 + 2?
2
Calculate -1 - (-6 - -6) - (3 + 0).
-4
3 + (4 + -5 - -3) + -2
3
Evaluate -3 + (2 - 10) + 4.
-7
What is -2 + (-2 - -5) + -19 + 22?
4
What is the value of 3 + (7 - 5 - 6) + 4?
3
What is -4 - (-4 + 2 - (2 + -7))?
-7
What is 1 + (-2 - -2 - -2)?
3
Calculate -7 + (5 - (0 - -3)).
-5
What is the value of 8 + (2 - 9) + -2 + 1?
0
Calculate -4 - (-8 - (-11 - -2) - 9).
4
4 - -1 - (-6 + 11)
0
Calculate -17 - (11 + -17 + -1).
-10
What is -2 + 0 + -4 + 0 + 14?
8
Calculate 6 + 5 + -5 - 2.
4
What is the value of 7 + (-2 - -5) - 6?
4
Evaluate -9 + (2 - (9 + -14)).
-2
What is -7 - 0 - (-11 + 4)?
0
-6 + -1 + 126 + -128
-9
Calculate -3 + 12 - 4 - 4.
1
Calculate -6 - (-9 + (8 - 4)).
-1
-6 - (-7 + 4 + 5)
-8
2 - 0 - 5 - 2
-5
What is -5 - (9 - (8 - -11))?
5
-16 + 5 + 4 - -3
-4
Calculate 1 + -3 - (-6 - -5 - -3).
-4
Calculate 3 - (-1 - (-4 + 7)) - 3.
4
Evaluate 3 - (17 + -7) - 0.
-7
9 + -5 + (12 - 17)
-1
1 + 6 - (-38 - -45)
0
Evaluate 4 - (1 + (-7 - -1) + 6).
3
Evaluate 3 - 5 - (-5 + 2).
1
-6 - (4 - (0 + 10))
0
What is 1 + -2 + 1 - (6 + -12)?
6
Calculate 0 - -6 - (4 - (-3 + 8)).
7
-1 - (-3 + (3 - (3 - 4)))
-2
What is -1 + 3 + (-10 - -10)?
2
8 + (-14 + 15 - (0 - 0))
9
Calculate -5 - (-2 - (-7 - -5)).
-5
Evaluate -1 + -1 + 15 + -11.
2
Evaluate -25 - -22 - (0 + -5).
2
Evaluate (-5 - -13 - 11) + 2.
-1
Evaluate 3 - (2 - -3 - 2 - 3).
3
Evaluate -2 - ((-5 - (-2 + -4)) + -6).
3
Evaluate (-1 - (-8 - (-8 - -4))) + -3.
0
What is (-8 - -4) + 5 + 1?
2
What is -4 - (1 + -6 + (9 - 0))?
-8
(-2 + -3 + 7 - 2) + -1
-1
What is -4 + (-1 - (5 + -10 + 6))?
-6
Calculate (-3 - (-2 + 2) - -2) + 0.
-1
(18 - 12) + 3 + -7 + -2
0
What is 2 - (8 + -9 + 4)?
-1
Calculate 5 - -2 - (3 + -4 + 5).
3
What is -7 - (-2 - (6 - -1)) - -4?
6
Evaluate -4 - ((11 - 10) + (0 - 1)).
-4
Calculate 8 + -9 